{"id":105,"date":"2025-12-13T17:40:26","date_gmt":"2025-12-13T17:40:26","guid":{"rendered":"https:\/\/recovrlab.dk\/?page_id=105"},"modified":"2025-12-13T17:40:26","modified_gmt":"2025-12-13T17:40:26","slug":"ankler-og-foedder","status":"publish","type":"page","link":"https:\/\/recovrlab.dk\/?page_id=105","title":{"rendered":"ANKLER OG F\u00d8DDER"},"content":{"rendered":"\n<h3 class=\"wp-block-heading\">Oplever du smerter i f\u00f8dder eller ankler?<\/h3>\n\n\n\n<p>F\u00f8dder og ankler uds\u00e6ttes for stor belastning, is\u00e6r ved l\u00f8b, spring og hurtige retningsskift. Smerter kan opst\u00e5 som f\u00f8lge af overbelastning, nedsat mobilitet eller sp\u00e6ndinger i muskulaturen.<\/p>\n\n\n\n<h3 class=\"wp-block-heading\">Hvordan p\u00e5virker det din sport?<\/h3>\n\n\n\n<p>Smerter i f\u00f8dder og ankler kan p\u00e5virke din balance, l\u00f8bestil og kraftudvikling. Det kan f\u00f8re til kompensation l\u00e6ngere oppe i kroppen og \u00f8ge risikoen for skader i kn\u00e6 og hofter.<\/p>\n\n\n\n<h3 class=\"wp-block-heading\">Hvordan kan sportsmassage hj\u00e6lpe?<\/h3>\n\n\n\n<p>Ved sportsmassage arbejder vi med muskulaturen omkring anklerne, underbenet og foden for at forbedre bev\u00e6gelighed og reducere sp\u00e6ndinger. Det kan bidrage til bedre stabilitet, mere effektiv bev\u00e6gelse og mindre ubehag under aktivitet.<\/p>\n\n\n\n<div class=\"wp-block-buttons is-content-justification-center is-layout-flex wp-container-core-buttons-is-layout-a89b3969 wp-block-buttons-is-layout-flex\">\n<div class=\"wp-block-button is-style-fill\"><a class=\"wp-block-button__link has-background wp-element-button\" style=\"background-color:#a33737;padding-top:var(--wp--preset--spacing--30);padding-right:var(--wp--preset--spacing--80);padding-bottom:var(--wp--preset--spacing--30);padding-left:var(--wp--preset--spacing--80)\">BOOK EN TID<\/a><\/div>\n<\/div>\n\n\n\n<p><\/p>\n","protected":false},"excerpt":{"rendered":"<p>Oplever du smerter i f\u00f8dder eller ankler? F\u00f8dder og ankler uds\u00e6ttes for stor belastning, is\u00e6r ved l\u00f8b, spring og hurtige retningsskift. Smerter kan opst\u00e5 som f\u00f8lge af overbelastning, nedsat mobilitet eller sp\u00e6ndinger i muskulaturen. Hvordan p\u00e5virker det din sport? Smerter i f\u00f8dder og ankler kan p\u00e5virke din balance, l\u00f8bestil og kraftudvikling. Det kan f\u00f8re til [&hellip;]<\/p>\n","protected":false},"author":1,"featured_media":0,"parent":0,"menu_order":0,"comment_status":"closed","ping_status":"closed","template":"","meta":{"footnotes":""},"class_list":["post-105","page","type-page","status-publish","hentry"],"_links":{"self":[{"href":"https:\/\/recovrlab.dk\/index.php?rest_route=\/wp\/v2\/pages\/105","targetHints":{"allow":["GET"]}}],"collection":[{"href":"https:\/\/recovrlab.dk\/index.php?rest_route=\/wp\/v2\/pages"}],"about":[{"href":"https:\/\/recovrlab.dk\/index.php?rest_route=\/wp\/v2\/types\/page"}],"author":[{"embeddable":true,"href":"https:\/\/recovrlab.dk\/index.php?rest_route=\/wp\/v2\/users\/1"}],"replies":[{"embeddable":true,"href":"https:\/\/recovrlab.dk\/index.php?rest_route=%2Fwp%2Fv2%2Fcomments&post=105"}],"version-history":[{"count":1,"href":"https:\/\/recovrlab.dk\/index.php?rest_route=\/wp\/v2\/pages\/105\/revisions"}],"predecessor-version":[{"id":106,"href":"https:\/\/recovrlab.dk\/index.php?rest_route=\/wp\/v2\/pages\/105\/revisions\/106"}],"wp:attachment":[{"href":"https:\/\/recovrlab.dk\/index.php?rest_route=%2Fwp%2Fv2%2Fmedia&parent=105"}],"curies":[{"name":"wp","href":"https:\/\/api.w.org\/{rel}","templated":true}]}}